Is 1377359 a prime number?
True
Is 50250983 a prime number?
True
Is 1738069 a composite number?
True
Is 2210197 prime?
False
Is 203207 a composite number?
False
Is 35909581 a prime number?
True
Is 40204049 composite?
False
Is 465682463 prime?
True
Is 100478201 a composite number?
False
Is 25386343 prime?
False
Is 247125266 composite?
True
Is 25733099 a composite number?
True
Is 1150717 composite?
False
Is 54744451 a prime number?
True
Is 35407399 composite?
True
Is 7206907 a composite number?
False
Is 15495863 composite?
True
Is 56024305 a prime number?
False
Is 3851059 a prime number?
True
Is 78883121 prime?
False
Is 4545447 composite?
True
Is 978713 composite?
False
Is 908071 a composite number?
False
Is 73688017 prime?
False
Is 2827483 a prime number?
False
Is 10841521 composite?
True
Is 272530241 a composite number?
True
Is 30315337 a prime number?
False
Is 49185649 composite?
False
Is 2444011 a composite number?
True
Is 26487771 composite?
True
Is 15462823 composite?
False
Is 2301209 composite?
False
Is 167861 prime?
True
Is 26087699 prime?
False
Is 4020889 composite?
False
Is 5627819 prime?
False
Is 39196141 prime?
True
Is 12878483 prime?
True
Is 14473913 prime?
False
Is 734329 prime?
True
Is 3664561 composite?
False
Is 95400917 composite?
False
Is 296466263 composite?
False
Is 125756837 a prime number?
False
Is 2346931 composite?
False
Is 1205953 a prime number?
False
Is 2573777 composite?
False
Is 111821 a composite number?
False
Is 60591929 a composite number?
False
Is 4652189 composite?
False
Is 123353297 a composite number?
True
Is 712757 composite?
True
Is 1454099 composite?
False
Is 1235803 a prime number?
True
Is 8723303 a prime number?
True
Is 5529427 prime?
True
Is 26366117 a prime number?
True
Is 98188199 a prime number?
False
Is 880533253 a prime number?
True
Is 65174333 a prime number?
False
Is 206326139 a composite number?
True
Is 6556793 composite?
True
Is 43313 prime?
True
Is 31757311 a composite number?
False
Is 228731 prime?
True
Is 5077171 prime?
False
Is 54073169 a prime number?
False
Is 1085611 a prime number?
True
Is 10192813 a prime number?
True
Is 52061663 a prime number?
True
Is 95481409 composite?
True
Is 20783119 a composite number?
True
Is 4587899 a prime number?
False
Is 40772593 composite?
False
Is 2563606 prime?
False
Is 39191903 a composite number?
True
Is 410875853 composite?
False
Is 336245321 a composite number?
False
Is 63433 prime?
False
Is 32595055 prime?
False
Is 536651 a composite number?
False
Is 63375671 composite?
True
Is 2072761 composite?
True
Is 810949 composite?
False
Is 5661673 composite?
False
Is 11866859 composite?
True
Is 18658379 a composite number?
False
Is 480287 composite?
False
Is 263693467 a prime number?
False
Is 232218523 composite?
True
Is 101152369 composite?
False
Is 9466177 prime?
False
Is 12445249 prime?
True
Is 24697087 composite?
False
Is 8262311 prime?
True
Is 1881753 composite?
True
Is 3430873 a prime number?
True
Is 259451 prime?
True
Is 661513 a prime number?
True
Is 329367 composite?
True
Is 4233063 composite?
True
Is 2492417 composite?
False
Is 117046585 composite?
True
Is 79587289 composite?
True
Is 44323043 prime?
True
Is 132324751 composite?
True
Is 13984949 a prime number?
False
Is 6425281 a composite number?
True
Is 38214093 a prime number?
False
Is 24624151 a composite number?
False
Is 11756443 a composite number?
False
Is 1468693 a prime number?
False
Is 3804323 prime?
False
Is 22197309 a composite number?
True
Is 7956349 a composite number?
False
Is 23678249 a composite number?
True
Is 8831299 a prime number?
True
Is 23312867 prime?
False
Is 17570659 prime?
True
Is 122362361 a prime number?
False
Is 1806059 a prime number?
True
Is 136226077 composite?
True
Is 92035877 a prime number?
True
Is 33237203 a prime number?
True
Is 645871 composite?
True
Is 190781579 prime?
False
Is 252431 prime?
True
Is 70581305 prime?
False
Is 7721783 prime?
False
Is 10323263 composite?
True
Is 151656691 a composite number?
True
Is 66208147 a composite number?
False
Is 45493187 a composite number?
False
Is 51386018 composite?
True
Is 11998807 prime?
True
Is 12057245 prime?
False
Is 13613161 composite?
True
Is 12313877 a prime number?
True
Is 44906627 composite?
True
Is 42297303 a composite number?
True
Is 3813013 a composite number?
False
Is 166325099 prime?
False
Is 19167607 a composite number?
True
Is 44433593 a prime number?
True
Is 42786287 composite?
True
Is 309769 prime?
True
Is 367057139 a prime number?
False
Is 92362531 a composite number?
True
Is 28553277 a composite number?
True
Is 108420163 a prime number?
True
Is 99882091 a prime number?
False
Is 232041197 composite?
False
Is 779557 a composite number?
True
Is 69111533 a composite number?
True
Is 215336609 a prime number?
True
Is 580071 prime?
False
Is 152245 composite?
True
Is 122265991 composite?
False
Is 3809402 a prime number?
False
Is 11718113 composite?
True
Is 194634079 a composite number?
False
Is 112022497 a composite number?
False
Is 1293277 composite?
False
Is 17495297 prime?
True
Is 47866133 composite?
True
Is 854547599 a prime number?
True
Is 87813151 composite?
True
Is 4092089 a composite number?
True
Is 9506183 prime?
False
Is 10643123 a prime number?
True
Is 4163343 a composite number?
True
Is 3402851 a prime number?
True
Is 956341 a prime number?
True
Is 3024733 a prime number?
True
Is 6472213 prime?
False
Is 16638527 a composite number?
False
Is 654161777 prime?
True
Is 82364957 composite?
False
Is 3191407 composite?
False
Is 1375901 composite?
False
Is 8437379 prime?
True
Is 7382806 prime?
False
Is 395039 a prime number?
True
Is 263875537 prime?
False
Is 116527769 composite?
True
Is 6625882 composite?
True
Is 23204737 composite?
False
Is 109219629 prime?
False
Is 1769281 prime?
True
Is 2222023 composite?
False
Is 178991 composite?
True
Is 227358691 prime?
False
Is 61221749 a composite number?
False
Is 2406199 prime?
True
Is 506189 prime?
False
Is 1489417 composite?
True
Is 3229091 a prime number?
True
Is 70753 a composite number?
False
Is 239430853 composite?
False
Is 94186451 a composite number?
False
Is 3343097 composite?
False
Is 3054691 prime?
True
Is 240473 a composite number?
False
Is 7035839 prime?
True
Is 7276173 a prime number?
False
Is 484577 composite?
False
Is 64659491 a prime number?
False
Is 1579091 a composite number?
False
Is 8272947 composite?
True
Is 13428133 composite?
True
Is 4222129 a composite number?
True
Is 8542097 prime?
False
Is 4606871 prime?
True
Is 376373 a composite number?
False
Is 23580143 a composite number?
False
Is 2767319 a composite number?
False
Is 2503367 prime?
False
Is 1609033447 a composite number?
True
Is 95214029 composite?
True
Is 9096811 a prime number?
True
Is 2991959 a composite number?
True
Is 3348707 composite?
False
Is 1339057 prime?
True
Is 2647063 a prime number?
True
Is 24119213 composite?
True
Is 15330043 a prime number?
False
Is 76570859 a composite number?
False
Is 2045309411 prime?
True
Is 12323293 composite?
False
Is 59680246 a composite number?
True
Is 2236307 a prime number?
False
Is 4119601 a composite number?
False
Is 21518333 a composite number?
False
Is 7279981 a composite number?
False
Is 70625857 a prime number?
True
Is 21064913 prime?
True
Is 3890377 composite?
False
Is 61322573 a prime number?
False
Is 767651 a composite number?
True
Is 4606301 prime?
False
Is 103067009 prime?
True
Is 275931979 a composite number?
False
Is 5862443 a prime number?
True
Is 30429481 a composite number?
True
Is 58933939 a prime number?
True
Is 888695 composite?
True
Is 1111837 prime?
False
Is 48453467 composite?
False
Is 16471061 prime?
False
Is 126133757 a composite number?
False
Is 371131 prime?
True
Is 13512313 composite?
False
Is 47287313 a composite number?
True
Is 16258727 prime?
True
Is 6682843 a composite number?
False
Is 6743342 a composite number?
True
Is 193051 a composite number?
False
Is 545023 composite?
False
Is 68818181 a prime number?
False
Is 24616763 prime?
True
Is 190973 composite?
True
Is 24908693 prime?
False
Is 38024687 composite?
False
Is 87677581 a prime number?
True
Is 5738053 a prime number?
False
Is 9270637 a composite number?
False
Is 691671237 composite?
True
Is 249891913 a prime number?
True
Is 64954067 a prime number?